{"id":52,"date":"2020-11-30T08:05:17","date_gmt":"2020-11-30T07:05:17","guid":{"rendered":"http:\/\/clgtaug.lescigales.org\/?page_id=52"},"modified":"2020-12-07T21:03:36","modified_gmt":"2020-12-07T20:03:36","slug":"accueil","status":"publish","type":"page","link":"http:\/\/clgtaug.lescigales.org\/","title":{"rendered":"Accueil"},"content":{"rendered":"\t\t<div data-elementor-type=\"wp-page\" data-elementor-id=\"52\" class=\"elementor elementor-52\" data-elementor-settings=\"[]\">\n\t\t\t\t\t\t<div class=\"elementor-inner\">\n\t\t\t\t\t\t\t<div class=\"elementor-section-wrap\">\n\t\t\t\t\t\t\t<section class=\"elementor-section elementor-top-section elementor-element elementor-element-73d6f1e elementor-section-full_width elementor-section-height-default elementor-section-height-default\" data-id=\"73d6f1e\" data-element_type=\"section\" data-settings=\"{&quot;background_background&quot;:&quot;gradient&quot;}\">\n\t\t\t\t\t\t\t<div class=\"elementor-background-overlay\"><\/div>\n\t\t\t\t\t\t\t<div class=\"elementor-container elementor-column-gap-default\">\n\t\t\t\t\t\t\t<div class=\"elementor-row\">\n\t\t\t\t\t<div class=\"elementor-column elementor-col-33 elementor-top-column elementor-element elementor-element-0dc9fc6\" data-id=\"0dc9fc6\" data-element_type=\"column\">\n\t\t\t<div class=\"elementor-column-wrap elementor-element-populated\">\n\t\t\t\t\t\t\t<div class=\"elementor-widget-wrap\">\n\t\t\t\t\t\t<div class=\"elementor-element elementor-element-a30b6e3 elementor-widget elementor-widget-image\" data-id=\"a30b6e3\" data-element_type=\"widget\" data-widget_type=\"image.default\">\n\t\t\t\t<div class=\"elementor-widget-container\">\n\t\t\t\t\t<div class=\"elementor-image\">\n\t\t\t\t\t\t\t\t\t\t<img width=\"525\" height=\"701\" src=\"http:\/\/clgtaug.lescigales.org\/wp-content\/uploads\/2020\/11\/logo-seul-college-taugourdeau-2020-767x1024.png\" class=\"attachment-large size-large\" alt=\"\" loading=\"lazy\" srcset=\"http:\/\/clgtaug.lescigales.org\/wp-content\/uploads\/2020\/11\/logo-seul-college-taugourdeau-2020-767x1024.png 767w, http:\/\/clgtaug.lescigales.org\/wp-content\/uploads\/2020\/11\/logo-seul-college-taugourdeau-2020-225x300.png 225w, http:\/\/clgtaug.lescigales.org\/wp-content\/uploads\/2020\/11\/logo-seul-college-taugourdeau-2020-768x1025.png 768w, http:\/\/clgtaug.lescigales.org\/wp-content\/uploads\/2020\/11\/logo-seul-college-taugourdeau-2020-1150x1536.png 1150w, http:\/\/clgtaug.lescigales.org\/wp-content\/uploads\/2020\/11\/logo-seul-college-taugourdeau-2020-1534x2048.png 1534w, http:\/\/clgtaug.lescigales.org\/wp-content\/uploads\/2020\/11\/logo-seul-college-taugourdeau-2020-1200x1602.png 1200w, http:\/\/clgtaug.lescigales.org\/wp-content\/uploads\/2020\/11\/logo-seul-college-taugourdeau-2020-18x24.png 18w, http:\/\/clgtaug.lescigales.org\/wp-content\/uploads\/2020\/11\/logo-seul-college-taugourdeau-2020-27x36.png 27w, http:\/\/clgtaug.lescigales.org\/wp-content\/uploads\/2020\/11\/logo-seul-college-taugourdeau-2020-36x48.png 36w, http:\/\/clgtaug.lescigales.org\/wp-content\/uploads\/2020\/11\/logo-seul-college-taugourdeau-2020.png 1665w\" sizes=\"100vw\" \/>\t\t\t\t\t\t\t\t\t\t\t<\/div>\n\t\t\t\t<\/div>\n\t\t\t\t<\/div>\n\t\t\t\t\t\t<\/div>\n\t\t\t\t\t<\/div>\n\t\t<\/div>\n\t\t\t\t<div class=\"elementor-column elementor-col-66 elementor-top-column elementor-element elementor-element-acf7351\" data-id=\"acf7351\" data-element_type=\"column\">\n\t\t\t<div class=\"elementor-column-wrap\">\n\t\t\t\t\t\t\t<div class=\"elementor-widget-wrap\">\n\t\t\t\t\t\t\t\t<\/div>\n\t\t\t\t\t<\/div>\n\t\t<\/div>\n\t\t\t\t\t\t\t\t<\/div>\n\t\t\t\t\t<\/div>\n\t\t<\/section>\n\t\t\t\t<section class=\"elementor-section elementor-top-section elementor-element elementor-element-60bfb60 elementor-section-boxed elementor-section-height-default elementor-section-height-default\" data-id=\"60bfb60\" data-element_type=\"section\">\n\t\t\t\t\t\t<div class=\"elementor-container elementor-column-gap-default\">\n\t\t\t\t\t\t\t<div class=\"elementor-row\">\n\t\t\t\t\t<div class=\"elementor-column elementor-col-100 elementor-top-column elementor-element elementor-element-8571112\" data-id=\"8571112\" data-element_type=\"column\">\n\t\t\t<div class=\"elementor-column-wrap\">\n\t\t\t\t\t\t\t<div class=\"elementor-widget-wrap\">\n\t\t\t\t\t\t\t\t<\/div>\n\t\t\t\t\t<\/div>\n\t\t<\/div>\n\t\t\t\t\t\t\t\t<\/div>\n\t\t\t\t\t<\/div>\n\t\t<\/section>\n\t\t\t\t\t\t<\/div>\n\t\t\t\t\t\t<\/div>\n\t\t\t\t\t<\/div>\n\t\t","protected":false},"excerpt":{"rendered":"<p>Accueil Le coll\u00e8ge Son histoire Le projet d\u2019\u00e9tablissement Les dispositifs particuliers Pronote E-sidoc Pix Folios A.S. Sites utiles Acad\u00e9mie Orl\u00e9ans-Tours Conseil d\u00e9partemental d&rsquo;Eure-et-Loir Minist\u00e8re de l&rsquo;\u00e9ducation nationale Eduscol Onisep B.O.<\/p>\n","protected":false},"author":1,"featured_media":0,"parent":0,"menu_order":0,"comment_status":"closed","ping_status":"closed","template":"elementor_canvas","meta":[],"_links":{"self":[{"href":"http:\/\/clgtaug.lescigales.org\/index.php\/wp-json\/wp\/v2\/pages\/52"}],"collection":[{"href":"http:\/\/clgtaug.lescigales.org\/index.php\/wp-json\/wp\/v2\/pages"}],"about":[{"href":"http:\/\/clgtaug.lescigales.org\/index.php\/wp-json\/wp\/v2\/types\/page"}],"author":[{"embeddable":true,"href":"http:\/\/clgtaug.lescigales.org\/index.php\/wp-json\/wp\/v2\/users\/1"}],"replies":[{"embeddable":true,"href":"http:\/\/clgtaug.lescigales.org\/index.php\/wp-json\/wp\/v2\/comments?post=52"}],"version-history":[{"count":37,"href":"http:\/\/clgtaug.lescigales.org\/index.php\/wp-json\/wp\/v2\/pages\/52\/revisions"}],"predecessor-version":[{"id":243,"href":"http:\/\/clgtaug.lescigales.org\/index.php\/wp-json\/wp\/v2\/pages\/52\/revisions\/243"}],"wp:attachment":[{"href":"http:\/\/clgtaug.lescigales.org\/index.php\/wp-json\/wp\/v2\/media?parent=52"}],"curies":[{"name":"wp","href":"https:\/\/api.w.org\/{rel}","templated":true}]}}